102 is divided by 33?
3
What is the remainder when 442 is divided by 64?
58
What is the remainder when 1557 is divided by 157?
144
What is the remainder when 124 is divided by 30?
4
What is the remainder when 1007 is divided by 144?
143
Calculate the remainder when 445 is divided by 99.
49
What is the remainder when 50 is divided by 49?
1
What is the remainder when 958 is divided by 232?
30
What is the remainder when 131 is divided by 15?
11
What is the remainder when 244 is divided by 25?
19
Calculate the remainder when 162 is divided by 77.
8
Calculate the remainder when 220 is divided by 103.
14
Calculate the remainder when 255 is divided by 64.
63
Calculate the remainder when 2509 is divided by 38.
1
Calculate the remainder when 10 is divided by 5.
0
Calculate the remainder when 196 is divided by 22.
20
Calculate the remainder when 220 is divided by 3.
1
What is the remainder when 815 is divided by 9?
5
What is the remainder when 153 is divided by 11?
10
Calculate the remainder when 5135 is divided by 8.
7
What is the remainder when 127 is divided by 43?
41
Calculate the remainder when 1803 is divided by 262.
231
What is the remainder when 127 is divided by 71?
56
Calculate the remainder when 272 is divided by 39.
38
What is the remainder when 156 is divided by 58?
40
Calculate the remainder when 35 is divided by 33.
2
Calculate the remainder when 292 is divided by 42.
40
What is the remainder when 908 is divided by 450?
8
Calculate the remainder when 1642 is divided by 7.
4
What is the remainder when 19149 is divided by 12?
9
What is the remainder when 234 is divided by 79?
76
Calculate the remainder when 5113 is divided by 93.
91
Calculate the remainder when 21572 is divided by 17.
16
What is the remainder when 1175 is divided by 14?
13
Calculate the remainder when 172 is divided by 44.
40
What is the remainder when 338 is divided by 37?
5
What is the remainder when 197 is divided by 120?
77
Calculate the remainder when 2371 is divided by 23.
2
What is the remainder when 207 is divided by 16?
15
What is the remainder when 52 is divided by 30?
22
What is the remainder when 279 is divided by 6?
3
Calculate the remainder when 341 is divided by 175.
166
What is the remainder when 25 is divided by 9?
7
What is the remainder when 298 is divided by 60?
58
What is the remainder when 124 is divided by 30?
4
Calculate the remainder when 657 is divided by 170.
147
Calculate the remainder when 10509 is divided by 9.
6
Calculate the remainder when 326 is divided by 106.
8
Calculate the remainder when 1764 is divided by 879.
6
What is the remainder when 9280 is divided by 221?
219
What is the remainder when 79 is divided by 19?
3
Calculate the remainder when 273 is divided by 23.
20
Calculate the remainder when 415 is divided by 27.
10
What is the remainder when 860 is divided by 21?
20
Calculate the remainder when 1113 is divided by 25.
13
What is the remainder when 69 is divided by 10?
9
What is the remainder when 157 is divided by 23?
19
Calculate the remainder when 920 is divided by 21.
17
What is the remainder when 232 is divided by 97?
38
Calculate the remainder when 221 is divided by 28.
25
What is the remainder when 910 is divided by 12?
10
What is the remainder when 315 is divided by 80?
75
Calculate the remainder when 421 is divided by 36.
25
Calculate the remainder when 405 is divided by 110.
75
What is the remainder when 2010 is divided by 134?
0
What is the remainder when 1627 is divided by 187?
131
Calculate the remainder when 2644 is divided by 51.
43
Calculate the remainder when 1514 is divided by 107.
16
What is the remainder when 115 is divided by 31?
22
What is the remainder when 94 is divided by 27?
13
Calculate the remainder when 2397 is divided by 30.
27
What is the remainder when 60 is divided by 22?
16
Calculate the remainder when 653 is divided by 17.
7
Calculate the remainder when 4209 is divided by 13.
10
Calculate the remainder when 18 is divided by 4.
2
What is the remainder when 483 is divided by 98?
91
Calculate the remainder when 2046 is divided by 89.
88
What is the remainder when 6694 is divided by 17?
13
Calculate the remainder when 5083 is divided by 124.
123
What is the remainder when 1490 is divided by 732?
26
What is the remainder when 546 is divided by 241?
64
What is the remainder when 2751 is divided by 671?
67
Calculate the remainder when 96 is divided by 26.
18
What is the remainder when 1254 is divided by 105?
99
Calculate the remainder when 3932 is divided by 561.
5
Calculate the remainder when 211 is divided by 23.
4
Calculate the remainder when 372 is divided by 20.
12
Calculate the remainder when 211 is divided by 39.
16
What is the remainder when 199 is divided by 35?
24
Calculate the remainder when 123 is divided by 6.
3
What is the remainder when 743 is divided by 24?
23
What is the remainder when 99 is divided by 5?
4
What is the remainder when 742 is divided by 365?
12
Calculate the remainder when 1272 is divided by 11.
7
What is the remainder when 1704 is divided by 46?
2
Calculate the remainder when 97 is divided by 38.
21
Calculate the remainder when 7191 is divided by 15.
6
Calculate the remainder when 300 is divided by 3.
0
Calculate the remainder when 355 is divided by 55.
25
Calculate the remainder when 64 is divided by 24.
16
What is the remainder when 23837 is divided by 137?
136
What is the remainder when 82 is divided by 24?
10
What is the remainder when 135 is divided by 10?
5
What is the remainder when 142 is divided by 72?
70
Calculate the remainder when 292 is divided by 197.
95
What is the remainder when 330 is divided by 16?
10
What is the remainder when 215 is divided by 72?
71
Calculate the remainder when 1317 is divided by 434.
15
Calculate the remainder when 113 is divided by 91.
22
What is the remainder when 7311 is divided by 77?
73
Calculate the remainder when 2982 is divided by 15.
12
What is the remainder when 4137 is divided by 90?
87
Calculate the remainder when 638 is divided by 16.
14
What is the remainder when 253 is divided by 81?
10
Calculate the remainder when 2014 is divided by 126.
124
What is the remainder when 308 is divided by 68?
36
Calculate the remainder when 231 is divided by 29.
28
What is the remainder when 820 is divided by 55?
50
Calculate the remainder when 553 is divided by 33.
25
What is the remainder when 755 is divided by 84?
83
Calculate the remainder when 112 is divided by 50.
12
Calculate the remainder when 1449 is divided by 131.
8
Calculate the remainder when 361 is divided by 179.
3
What is the remainder when 974 is divided by 280?
134
Calculate the remainder when 1543 is divided by 153.
13
Calculate the remainder when 25 is divided by 2.
1
What is the remainder when 5924 is divided by 348?
8
What is the remainder when 7 is divided by 5?
2
Calculate the remainder when 3820 is divided by 98.
96
What is the remainder when 5759 is divided by 18?
17
Calculate the remainder when 59 is divided by 6.
5
Calculate the remainder when 9470 is divided by 19.
8
What is the remainder when 101 is divided by 13?
10
What is the remainder when 578 is divided by 3?
2
What is the remainder when 3601 is divided by 35?
31
What is the remainder when 118 is divided by 31?
25
What is the remainder when 314 is divided by 54?
44
Calculate the remainder when 7119 is divided by 40.
39
What is the remainder when 547 is divided by 11?
8
What is the remainder when 77 is divided by 23?
8
What is the remainder when 697 is divided by 231?
4
What is the remainder when 1078 is divided by 166?
82
What is the remainder when 973 is divided by 340?
293
What is the remainder when 131 is divided by 17?
12
What is the remainder when 871 is divided by 109?
108
What is the remainder when 415 is divided by 22?
19
What is the remainder when 55 is divided by 12?
7
Calculate the remainder when 4272 is divided by 25.
22
What is the remainder when 65 is divided by 46?
19
What is the remainder when 1142 is divided by 52?
50
What is the remainder when 94 is divided by 83?
11
What is the remainder when 6366 is divided by 32?
30
What is the remainder when 33 is divided by 14?
5
Calculate the remainder when 671 is divided by 52.
47
Calculate the remainder when 391 is divided by 88.
39
Calcula